 0, -745 = 4*b - 5*w - 2872. Calculate the highest common divisor of b and 14480.
181
Suppose -l + 2*l = 0. Let z be (175/15 - 15)/((-4)/6). Suppose -z*r + 8*r - 48 = l. What is the greatest common factor of r and 40?
8
Let m = 5 + 2. Let a = m + -6. Let y be (-94)/329 + (-74)/(-14). Calculate the highest common factor of y and a.
1
Suppose -5*n = -3*y - 57, 0*y - y = -2*n + 22. Suppose -2*b = 20*k - 19*k - 573, -2*k + 3*b = -1188. Calculate the highest common factor of k and n.
9
Let r be ((-160)/15)/4*624/(-64). What is the highest common divisor of 8359 and r?
13
Suppose -12*b + 10*b + 5186 = z, 5*b - 4*z = 12952. What is the greatest common factor of 81 and b?
81
Suppose -4*v = -91 - 113. Let w be (-1636)/18*3/(-4) - 44/264. Calculate the greatest common divisor of w and v.
17
Let c be ((-4624)/(-24) - -7 - 7)*21. What is the highest common factor of c and 28?
14
Let q be 6*(-4 - 28/(-6)). Suppose -52 = -a - q. Let w(u) = -3*u**3 - 10*u**2 - 3*u - 8. Let j be w(-4). Calculate the greatest common factor of j and a.
12
Let t(d) = d**3 - 23*d**2 + 22*d + 65. Let k be t(22). What is the greatest common divisor of k and 2483?
13
Suppose 33*o - 22328 - 1830 = 8809. Calculate the highest common factor of 259 and o.
37
Let k be 3*1 - (43 - 38)/((-1)/15). Calculate the greatest common divisor of k and 3159.
39
Suppose -4*n = n + 4*d - 29, -5*d + 15 = 2*n. Suppose 282 = 5*f - 2*g - 35, -5*f + 310 = n*g. What is the highest common divisor of 36 and f?
9
Let u(q) = -1019*q + 338. Let f be u(-1). Calculate the highest common divisor of f and 177.
59
Let k = 350 - 221. Let v(t) = 47*t + 6196. Let z be v(-130). What is the greatest common divisor of k and z?
43
Suppose 2*o = 5*q + 2102, 4*q - 6*o + 1692 = -7*o. Let f = -411 - q. Calculate the highest common factor of 803 and f.
11
Suppose 856 = 3*l + 9*l - 908. Calculate the greatest common factor of l and 357.
21
Suppose 19*o - 9 = 16*o. Suppose -96 = -o*d - 4*k + 268, 5*k = -d + 114. Calculate the highest common factor of 31 and d.
31
Suppose 143*b - 124*b - 11286 = 0. What is the greatest common factor of 528 and b?
66
Let g(v) be the third derivative of 26/3*v**3 + 0 - 1/60*v**5 + 0*v - 19/24*v**4 + 3*v**2. Let s be g(-21). Calculate the highest common divisor of s and 70.
10
Let t(m) = -10*m. Let r be t(-6). Suppose -2*w + l = 2*w + 157, -4*w = -5*l + 145. Let b = r + w. Calculate the highest common factor of 10 and b.
10
Suppose -w = -563 + 552. What is the greatest common factor of w and 136?
1
Let n(h) = 4 + 2027*h + 2027*h - 4054*h + 23*h**2. Let z be n(-2). Suppose 8 + 16 = 2*t. Calculate the highest common factor of t and z.
12
Suppose 4668 = 63*x - 6551 + 2021. Calculate the greatest common divisor of x and 730.
146
Suppose 0 = -5*q - 4*d + 160, 0 = 5*d + 34 - 9. Let g = -23 + 113. Calculate the greatest common factor of q and g.
18
Suppose 2*a = -a + 3. Suppose -a = c - 2. Let k be -1 + (-3 + c)*-13. Calculate the greatest common divisor of 175 and k.
25
Let w(x) = 54 + 16*x + 21*x - 39*x. Let b be w(11). Calculate the greatest common factor of b and 8.
8
Let v be ((-10)/(-15))/(((-106)/(-17688))/53). What is the highest common factor of 603 and v?
67
Let r be (0*(-1)/3)/2. Let s be (-1 - r)*(4 - 17). Let p = s - -10. Calculate the highest common divisor of 23 and p.
23
Let t = -731 + 1445. Let i(z) = -z**3 + 13*z**2 + 2*z + 16. Let k be i(13). What is the greatest common divisor of t and k?
42
Let w = 69 - -3. Suppose -44400 = 15367*a - 15737*a. What is the highest common divisor of w and a?
24
Let k be (-3 - -10) + (26 - 16). What is the highest common factor of 1 and k?
1
Suppose -607*g + 2639182 = 246*g. Calculate the greatest common divisor of g and 52.
26
Suppose -u - 18 = 114. Let b = -50 - u. Let q = b - 46. Calculate the highest common divisor of 9 and q.
9
Suppose -4*v + 36 + 204 = 0. Let c(x) = -3*x - 7. Let w be c(-3). Suppose -v = -w*s - 2*s. What is the greatest common factor of 105 and s?
15
Suppose 0 = p - 5*h - 60, -4*h = 5*p - 93 - 120. Suppose -p = -5*o - 30. Calculate the highest common divisor of o and 12.
3
Let a be 282 + (13 - 30) + 8. What is the highest common divisor of 189 and a?
21
Let j(k) = -38*k**3 - 7*k - 6. Let w be j(-1). What is the highest common factor of w and 156?
39
Suppose 8*p + 12*p - 937 = 743. Let w be (6 - -1)/((-2)/(-60)). What is the highest common factor of p and w?
42
Let t(j) = 4*j**3 - 6*j**2 - 5*j - 7. Let o be t(6). Let p = -134436 - -134483. What is the greatest common factor of p and o?
47
Suppose -3*j = -4*k - 251, 6*k + 91 = j + k. Suppose 80*p + 90*p - 12263 = -3083. Calculate the highest common divisor of p and j.
27
Let w be (3 - 1) + (-10)/(-2 - 0) - -297. Let x(t) = -9*t + 1. Let d be x(-2). Calculate the highest common divisor of d and w.
19
Suppose 0 = 4*l + 2*f - 3*f - 170, -3*f - 132 = -3*l. Let v(s) = -425*s - 14869. Let c be v(-35). What is the greatest common divisor of l and c?
6
Suppose -6*f + f + 5 = 0, 0 = 5*o + 4*f - 4984. Let a(v) = 4*v**2 + 68*v - 2936. Let i be a(20). What is the highest common factor of o and i?
12
Suppose 11*z = 4*d + 10*z - 10407, 0 = z - 5. What is the greatest common factor of 76 and d?
19
Let p be 1*(98/6 + (-48)/(-72)). Suppose p*x - 712 = 359. What is the greatest common divisor of 21 and x?
21
Suppose -12*c = 113 + 67. Let b = c + 34. What is the greatest common divisor of 133 and b?
19
Let i be (-2)/(6/(-412)*(-1)/(-3)). Let w = 27 - 22. Suppose w*h + 4*k - i = -0*k, 3*k + 311 = 4*h. What is the highest common factor of 16 and h?
16
Let w = -77 + 99. Suppose w*l - 29*l = -4550. Let m be 4/6 + l/6 + -1. Calculate the highest common divisor of m and 72.
36
Let w = 322 - 206. Suppose 877*a + 522 = 879*a. Calculate the highest common factor of a and w.
29
Let g = -175 - -206. Suppose 0 = -h + 32 - g. Suppose u - 3*u + 24 = -3*d, -2*u + 14 = 2*d. What is the highest common divisor of u and h?
1
Let y = 23601 + -23577. Calculate the greatest common divisor of 8 and y.
8
Let w be 4/2 + -3 + 67. Let r(m) = -28*m**2 - 21*m - 64 - 221*m**3 + 220*m**3 - 10*m. Let q be r(-27). What is the greatest common divisor of w and q?
22
Suppose 6*l + 51 = 75. Let s = -138 + 235. Suppose s = l*a - 227. Calculate the highest common factor of a and 9.
9
Let i = -9657 + 9668. Suppose 4*p + 2464 = 4*w, -5*w + 0*p + 2*p = -3080. Calculate the greatest common divisor of w and i.
11
Suppose 7352 = 70*o - 120538. Calculate the highest common factor of 49 and o.
7
Let f = -766 - -1651. Let t = -773 + f. What is the greatest common factor of 7 and t?
7
Suppose 324 = x + 2*x. Suppose 2897 - 2729 = 3*v + 3*d, -5*v + 260 = -5*d. Calculate the greatest common factor of x and v.
54
Suppose -1231 = 3*g - 3*p - 6022, 2*g = -2*p + 3206. Suppose -18*z + 1033 = 89 + 44. Calculate the greatest common factor of g and z.
50
Let x(l) = -l + 21. Let v(t) = 40 + 2*t + 3*t - 11 - 3*t. Let w be v(-7). Let f be x(w). What is the greatest common divisor of 66 and f?
6
Let g be (-1)/(1*(-2)/26). Let d(v) = 401 - 811 + 18*v + 369. Let b be d(3). Calculate the highest common factor of g and b.
13
Let f be 3*-3*2/(-6). Suppose 5*c - 12 = f. What is the highest common factor of c and 1?
1
Let z = -1921 - -1941. Suppose -56 = -3*u + 70. Let o = u - z. Calculate the highest common divisor of 77 and o.
11
Suppose 0 = 4*a - 2*j - 20 - 22, 4*a = -j + 51. What is the highest common divisor of a and 2796?
12
Let f = 13 + 59. Suppose -7*y + 900 = -2*y. What is the greatest common factor of f and y?
36
Let g(k) = k**2 - 92*k - 356. Let h be g(-24). What is the highest common factor of h and 4?
4
Let o(h) = h**2 - 8*h - 9. Let k be o(9). Suppose k = -2*r + r + 15. Suppose 4*l = -m + 662, l - 2*m - 57 = 104. What is the greatest common factor of r and l?
15
Suppose -8*f = -11*f. Suppose 2*z + 5*a - 315 = -f*a, 3*z - 483 = -4*a. What is the highest common divisor of 33 and z?
33
Suppose -5*p - 116 = -2*q, -4*p + 195 = 3*q - p. Let h(z) = -2*z**2 - 23*z + 1713. Let b be h(23). Calculate the greatest common divisor of q and b.
63
Suppose 4*i - 36 = -5*y - 0, 5*i = 5*y. Suppose 18 = y*f + 2*f. Suppose -23 = f*k - 59. Calculate the highest common factor of 8 and k.
4
Suppose 2*w - 73*w = -18*w - 6678. What is the highest common divisor of 246 and w?
6
Let q